51?
-51251
In base 8, what is 26530635 + 42?
26530677
In base 3, what is 10211002120022020 + 1?
10211002120022021
In base 6, what is 13245313 + 3?
13245320
In base 5, what is 424242 + 24330?
1004122
In base 5, what is -441022 + -2132?
-443204
In base 12, what is 102 - 263449?
-263347
In base 8, what is -2642 - 4220?
-7062
In base 3, what is -100001100112121201 - -20?
-100001100112121111
In base 5, what is 2 - 342341131300?
-342341131243
In base 7, what is 15261 + 133660?
152251
In base 6, what is -114542032 - -41?
-114541551
In base 15, what is -9a + 2dc85?
2dbda
In base 8, what is 3 - -645725775?
645726000
In base 15, what is -2b96a8a - -5?
-2b96a85
In base 8, what is -10 - -2507265?
2507255
In base 9, what is 0 - -34551764?
34551764
In base 15, what is 36ad + -a84?
2b29
In base 6, what is -5 + -10310103?
-10310112
In base 4, what is -11 - -103100331232?
103100331221
In base 10, what is -174042934 + -7?
-174042941
In base 8, what is -51 + -1101147?
-1101220
In base 12, what is -531 + -542a9a?
-54340b
In base 16, what is 2dde + -1e00?
fde
In base 5, what is -3013333 - -220324?
-2243004
In base 4, what is -1302 - -33002201?
33000233
In base 9, what is 63 - 28203643?
-28203570
In base 7, what is -1046465225 - -21?
-1046465204
In base 5, what is -13401 - 4443124?
-10012030
In base 8, what is 10553 + -17374?
-6621
In base 12, what is 290372 - -9?
29037b
In base 12, what is -2506ab47 + 4?
-2506ab43
In base 11, what is 313170 + -58?
313113
In base 2, what is -1001010010100000100100 - 101000011?
-1001010010100101100111
In base 7, what is 10603320 - 22?
10603265
In base 7, what is -1 + 5322623?
5322622
In base 4, what is 31 - 111233000022?
-111232333331
In base 11, what is 0 - -272580?
272580
In base 4, what is 20133202 - 10202?
20123000
In base 6, what is 42 + 30420212?
30420254
In base 13, what is -8678 - 3607?
-bc82
In base 8, what is -23 + 46030602?
46030557
In base 6, what is 1325154423 - 0?
1325154423
In base 2, what is -101 - -1101110000001101101001?
1101110000001101100100
In base 2, what is 110001000000111110 - 10010011?
110000111110101011
In base 11, what is -18747693 + -1?
-18747694
In base 14, what is -10d9db + 4?
-10d9d7
In base 11, what is -4 + a162272?
a162269
In base 4, what is 200200233223333 + -3?
200200233223330
In base 7, what is 1153321231 + 4?
1153321235
In base 6, what is 21012512 + 3541?
21020453
In base 14, what is -109 - -7903b?
78d32
In base 14, what is c80 - 41087?
-40207
In base 9, what is -520 - 1204762?
-1205382
In base 11, what is -5a + 49803?
49754
In base 3, what is -10 - 111202212010222101?
-111202212010222111
In base 12, what is -32b135 - -3?
-32b132
In base 10, what is -27021 + -451?
-27472
In base 16, what is ce01 - -66?
ce67
In base 13, what is 5253 - 768?
47b8
In base 9, what is 8513226366 + 3?
8513226370
In base 14, what is 5a7c56 - -5?
5a7c5b
In base 16, what is -3eb395a - -2?
-3eb3958
In base 11, what is -41772a + 34?
-4176a6
In base 6, what is -3 + 55113333142?
55113333135
In base 14, what is -8 + -327390?
-327398
In base 4, what is 10 + 2003102111030?
2003102111100
In base 16, what is 2d1 + -cd?
204
In base 7, what is 5425 - 24654?
-16226
In base 6, what is 131452335 - 3?
131452332
In base 12, what is 3 - -7207ba7?
7207baa
In base 16, what is 8ac2d + 92?
8acbf
In base 2, what is 10 - 111001110010100000011000011?
-111001110010100000011000001
In base 6, what is -240303404 + -1?
-240303405
In base 4, what is 1 - -2213120023121?
2213120023122
In base 7, what is 564452 + -25?
564424
In base 9, what is -344362 + -12?
-344374
In base 8, what is 1 + 15307706?
15307707
In base 15, what is e7dcac - 1a?
e7dc92
In base 11, what is -2932 - -2396?
-547
In base 5, what is 241333121 - -24?
241333200
In base 15, what is -9c2da - 1?
-9c2db
In base 5, what is -211443304244 - 2?
-211443304301
In base 7, what is -16 + -41065233?
-41065252
In base 4, what is -3103 + 13212022302?
13212013133
In base 3, what is 12022101110122 - -11?
12022101110210
In base 5, what is -30212004 - -1101?
-30210403
In base 2, what is 10 + 11011111000100001010101100?
11011111000100001010101110
In base 11, what is -680917 + 13?
-680904
In base 7, what is -12365 + -21641?
-34336
In base 8, what is 15054 + 1535?
16611
In base 3, what is 2 + -100200020202222?
-100200020202220
In base 10, what is -2 + -180365586?
-180365588
In base 4, what is -11 - -10103313103112?
10103313103101
In base 7, what is 4626303340 + 1?
4626303341
In base 9, what is -1080 + 102837?
101747
In base 5, what is 141 + -1434410?
-1434214
In base 13, what is -139060b8 - 0?
-139060b8
In base 7, what is -202 + 5322205?
5322003
In base 13, what is -15 - a4a0171?
-a4a0186
In base 8, what is 5760625 + -130?
5760475
In base 9, what is 11387668 - -20?
11387688
In base 16, what is 1e9fa77 - -5?
1e9fa7c
In base 11, what is -8107280 + -1?
-8107281
In base 11, what is -77521 - -9?
-77513
In base 16, what is -9a1ae04 + -6?
-9a1ae0a
In base 7, what is 6206 + 6101?
15310
In base 5, what is 212134223202 + 3?
212134223210
In base 2, what is -11 + 111110110111001001010?
111110110111001000111
In base 8, what is 15 - -301415?
301432
In base 9, what is -17532 + 68202?
50560
In base 15, what is 44a941 + 30?
44a971
In base 5, what is -2321120 + -201?
-2321321
In base 12, what is -171a + 2a569?
28a4b
In base 8, what is 330753600 - -5?
330753605
In base 15, what is 3 + -387041d?
-387041a
In base 5, what is -2312131240 - -2?
-2312131233
In base 16, what is -4 - aa197?
-aa19b
In base 3, what is 220 + -110222201222?
-110222201002
In base 16, what is 3a62 - ee90?
-b42e
In base 15, what is -1 - 1c5680e?
-1c56810
In base 11, what is -3a - 1790a18?
-1790a57
In base 15, what is 21 + -20a22?
-20a01
In base 11, what is -113 - -7631?
7519
In base 4, what is -131103000002 - -111?
-131102333231
In base 12, what is 211 - 7090?
-6a7b
In base 15, what is 1c0b + 7a?
1c86
In base 6, what is -1 + 14350?
14345
In base 8, what is -16 + 146501125?
146501107
In base 16, what is 4 - -d1412e?
d14132
In base 11, what is 1635181 - 3?
1635179
In base 6, what is -3320221 - -21544?
-3254233
In base 11, what is -1727964 + a?
-1727955
In base 16, what is -79b282 - -1?
-79b281
In base 2, what is -1 - 111111001100011001000110?
-111111001100011001000111
In base 3, what is -11 + -20022101221010122?
-20022101221010210
In base 6, what is 5 - -1144320314?
1144320323
In base 7, what is -123354 - -234?
-123120
In base 13, what is -2ac7ba45 + -1?
-2ac7ba46
In base 12, what is 1265163 - 3?
1265160
In base 15, what is 1cd6 + -8b05?
-6d1e
In base 13, what is 2bb - 23b7?
-20c9
In base 4, what is 31 - -12110031223?
12110031320
In base 14, what is -a1473c6 - -5?
-a1473c1
In base 7, what is -1246342 + -23354?
-1303026
In base 15, what is 1 + -ce46c1?
-ce46c0
In base 13, what is 29 - -55cbc?
56018
In base 10, what is 1090 - -1253?
2343
In base 14, what is 8 - -1a28ad?
1a28b7
In base 10, what is 6493009 - 4?
6493005
In base 3, what is -212201112 - 112010?
-220020122
In base 13, what is 19843b1 + -3?
19843ab
In base 14, what is 11d05 + 410?
12315
In base 11, what is -75 + -1aa176?
-1aa240
In base 3, what is 112122102222 + 110101?
112122220100
In base 10, what is -83 + 1125655?
1125572
In base 2, what is 1010010101111011001010 + -11101?
1010010101111010101101
In base 15, what is 8126 + -adc?
7539
In base 8, what is 274 + -17471?
-17175
In base 16, what is -4c8 - -11e14a?
11dc82
In base 10, what is 75313105 + -20?
75313085
In base 2, what is 1001101010011111011001000000 - 101?
1001101010011111011000111011
In base 5, what is -2 + -144032212440?
-144032212442
In base 14, what is 0 - 522c7?
-522c7
In base 3, what is 100120020120 + 11201?
100120102021
In base 16, what is -e2af + 387?
-df28
In base 14, what is 5 + -1661c61?
-1661c5a
In base 8, what is -5 - 2462371434?
-2462371441
In base 5, what is 201013440 + -112?
201013323
In base 14, what is 0 + 1627a192?
1627a192
In base 13, what is -15486c5 - 0?
-15486c5
In base 9, what is 3432 + 1223?
4655
In base 4, what is 1031203 + -220023?
211120
In base 11, what is 3 - 65aa2782?
-65aa277a
In base 15, what is 10386c + -2c?
103840
In base 3, what is -101100020002011 + -2?
-101100020002020
In base 11, what is 2608151 + -1a?
2608132
In base 13, what is -5 - 2bb7604?
-2bb7609
In base 8, what is 26705507 - 36?
26705451
In ba